 greatest common divisor of o and 8.
8
Suppose 90 = 4*w - 190. Calculate the greatest common divisor of 28 and w.
14
Suppose -4*n - 5*u + 12 = 0, 3*n + 0*n = 4*u + 40. What is the greatest common factor of n and 2?
2
Suppose -5*c - 40 = 5*f - 235, -3*c - 2*f + 120 = 0. Suppose c - 4 = 2*p. Let w = p + -10. What is the highest common factor of w and 45?
9
Let l be ((-78)/10)/((-6)/20). Suppose 0 = -5*t + 5*c + 1405, -t + 108 = -5*c - 153. Calculate the greatest common divisor of l and t.
26
Let u(t) = 10*t. Let g be u(8). Let l = -40 + g. Let o be -2 + -3*(0 + -6). Calculate the highest common divisor of o and l.
8
Suppose -150 = -5*t + 5*h + 450, -3*t + 2*h = -365. What is the greatest common factor of t and 25?
25
Let c(f) = 3*f**2 - 4*f - 3. Let t be c(5). Suppose 0 = 4*d + 2*w - t, -4*d + 59 = -4*w + 7. What is the highest common factor of 130 and d?
13
Suppose -r - 3*r - 20 = -3*s, 5*s = 2*r + 24. Suppose -4*b + s*c = -28, b - 10 = -2*c + 4*c. Calculate the greatest common factor of 1 and b.
1
Suppose 0 = -5*g - 0*u - 3*u + 13, 0 = 3*g + 3*u - 9. Suppose g*f = f + 36. Calculate the highest common divisor of 90 and f.
18
Let d be 8/(5 - 3) - -5. Calculate the greatest common factor of 63 and d.
9
Suppose 0 = 3*z - 6*z + 15. Suppose -5*x - 90 = -5*h - 0*x, 63 = 4*h + z*x. What is the greatest common factor of h and 68?
17
Let n(q) = -5*q - 1. Let v be n(-5). Let o be (-1)/(-4) - (-162)/v. What is the highest common divisor of o and 35?
7
Let r(t) = -t**2 + t. Let q be r(1). Suppose q*h = 3*h - 528. What is the highest common divisor of 22 and h?
22
Let c = 54 - 10. What is the highest common divisor of c and 110?
22
Suppose 4*l + 47 = 2*l + 3*v, 0 = -5*l - v - 92. Let n be (l - 2)/((-9)/6). Let m = 132 - 125. Calculate the greatest common factor of n and m.
7
Let f = 1 + 23. Calculate the highest common factor of 36 and f.
12
Suppose -4*r + 19 + 17 = 0. Let i be (-1197)/(-12) + r/(-12). Calculate the highest common factor of 11 and i.
11
Suppose 0 = 10*s - 7*s - 156. Calculate the highest common divisor of 4 and s.
4
Let l be (-5)/(-3 - -1*2). Let n(f) = -f**2 - 4*f + 5. Let u be n(-5). Suppose -l*a + 7 + 33 = u. What is the highest common divisor of 8 and a?
8
Let k = -131 + 143. Calculate the highest common divisor of k and 204.
12
Let f be ((-2)/(2 + 0))/1. Let h = f - -1. Let q(s) = -s**3 - s**2 + 6. Let j be q(h). What is the greatest common factor of 12 and j?
6
Let w = -2 + 5. Suppose -6*m + 4*n - 920 = -2*m, -3*n + w = 0. Let g be (-4)/(-14) - m/7. Calculate the greatest common factor of g and 11.
11
Let o be 2/5 - (-32)/(-5). Let k = 8 + o. Calculate the highest common divisor of 16 and k.
2
Suppose 5*v + 79 + 186 = 0. Let o = 101 + v. What is the highest common divisor of 12 and o?
12
Let a be 0 - (-4 + (1 - 4)). What is the greatest common factor of 77 and a?
7
Let h be (-6)/(-4)*(0 - -2). Suppose -r - 41 = -3*r + h*f, 4*r - 72 = 4*f. Calculate the highest common divisor of 39 and r.
13
Suppose 6 = 2*p - 5*p. Let r be ((29 - 2)*-2)/p. Calculate the highest common divisor of r and 18.
9
Let i be -3 + 3/(3/7). Suppose v - 2*j + 6 = 0, -i*v - 2*j = j + 2. Let x be ((-2 - v) + 1)*11. Calculate the highest common factor of x and 121.
11
Suppose -5*u + 18 + 2 = 0. Calculate the greatest common divisor of u and 36.
4
Suppose 4*s + s - 3*p = 1251, -5*s = 2*p - 1266. Suppose 0 = -2*b - 5*n + 62, -7*b + 2*b + 188 = -4*n. What is the highest common divisor of s and b?
36
Let t = -10 + 19. Suppose 0 = -3*c - 99 - 57. Let o = c + 79. What is the highest common divisor of o and t?
9
Let d(i) = i**2 - i + 6. Let n be d(0). Suppose 10 = n*z - z. Let q be ((-126)/z)/(-2 - -1). What is the highest common factor of q and 21?
21
Let i be (2 - 0) + 9/(-3). Let d be 7/(i - 18/(-15)). Calculate the greatest common factor of 7 and d.
7
Let d be 6*(3/2)/3. Suppose 2*w = 4*y - 3*w - 55, -5*y - 3*w + 41 = 0. Suppose d*j = 49 - y. What is the highest common factor of j and 13?
13
Let s = -11 + 18. Let l = 22 + -21. Calculate the greatest common divisor of s and l.
1
Suppose -i - 10 = -3*a, 0*a = 2*a - 3*i - 2. What is the highest common factor of a and 32?
4
Suppose 0 = -j - 10 + 38. Suppose w - 5 + 1 = 0, 0 = 2*y - w - j. What is the highest common divisor of 8 and y?
8
Suppose x - 23 = -3*p, x - 3*p + 37 = 3*x. Calculate the greatest common divisor of 21 and x.
7
Let x(y) = 2*y**2 - 6*y + 3. Let z be x(4). What is the greatest common divisor of 33 and z?
11
Let m(x) = -x**2 - 16*x - 8. Let p be m(-6). Calculate the greatest common factor of 13 and p.
13
Let r be (-189)/(-12) + 3/12. What is the highest common divisor of r and 176?
16
Let c = 7 + 21. Suppose -2 = 3*q + 10. Let y(d) = d**3 + 6*d**2 + 4*d - 2. Let a be y(q). Calculate the greatest common factor of a and c.
14
Let x(y) = 14*y**2 - 4*y**2 + 1 + 1. Let j be x(2). Let r = 1 - -13. What is the highest common factor of j and r?
14
Let r = 47 + 16. What is the highest common divisor of 7 and r?
7
Suppose 2*q - 25 = -3*q. Suppose y - 21 = a - 2*a, 5*a - 1 = -y. Let w be (y/(-39))/(2/(-60)). What is the highest common factor of w and q?
5
Let q(b) = b**2 + b + 2. Let d be q(0). Let g be 10/(-4)*24/(-20). Suppose -14 + 3 = -2*n + g*w, -2*n + 8 = -d*w. What is the greatest common factor of n and 2?
1
Let h be ((-5)/(-5))/((-1)/(-15)). What is the highest common divisor of h and 15?
15
Let p be ((-3)/(-4))/((-2)/(-16)). Suppose 56 - p = 5*n. Suppose 0 = -10*l + 11*l - 20. What is the highest common factor of l and n?
10
Let s(m) = 0 - 5 - 4*m + 1 + 3*m**2. Let x be 10/(-2) + (-3)/(-3). Let n be s(x). What is the greatest common divisor of n and 12?
12
Let f(y) = y - 5. Let z be f(4). Let a be 0 + (-61 - -3) - z. Let j = 138 + a. Calculate the highest common factor of 9 and j.
9
Suppose 3*w + 3*y = -24, -4*y + 20 + 11 = -3*w. Let q(f) = -f**2 - 9*f + 1. Let r be q(w). Calculate the greatest common factor of r and 9.
1
Let s = 57 - -39. Calculate the greatest common factor of 12 and s.
12
Suppose 265 = 4*b - 3*m - 0*m, -5*m = -5*b + 335. Calculate the highest common divisor of b and 8.
8
Let w be (-3)/(-6) - 2/4. Suppose w = -4*n + 2*n + 80. What is the greatest common divisor of 8 and n?
8
Let w(o) = 5*o**2 + 5*o. Let m be w(1). What is the greatest common factor of 40 and m?
10
Let w = 4 - -6. What is the highest common factor of w and 15?
5
Suppose -4*h = -h + 5*g - 46, 4*h - 13 = 3*g. What is the greatest common factor of 35 and h?
7
Let q = 43 + -79. Let p be (8/6)/((-6)/q). What is the greatest common divisor of p and 40?
8
Suppose -20 = -4*a, 4*c + 0*c + 5*a = 113. Calculate the greatest common divisor of c and 22.
22
Let i(a) = a**3 + 3*a**2 - 7*a - 6. Let o be i(-4). Let b(k) = k + 2. Let n be b(o). Let u = 7 + -5. Calculate the greatest common divisor of n and u.
2
Suppose -2*w = 2*x + 4 - 22, -w = -2*x - 18. Let p be 3*(-2)/(-6) + w. Calculate the greatest common factor of p and 26.
13
Let y(p) = 11*p**2. Let d be (2/5)/(1/10). Suppose d = -2*j + 6*j. Let z be y(j). Calculate the highest common divisor of z and 77.
11
Suppose 3*o - 8 = 10. Let m be -2 + (o/(-3) - -7). Suppose -4*f + 34 = -2*g, 5*f - m*f + 3*g = 29. What is the greatest common divisor of 15 and f?
5
Suppose 3*z - 4*j = -2 + 853, 5*z - 1427 = -2*j. Let t be ((-20)/(-6))/(10/z). Calculate the greatest common divisor of t and 19.
19
Suppose -3*j + 330 = 8*j. What is the highest common divisor of j and 3?
3
Let z be 6/(-3) - (-5 + -1). Let l(r) = 151*r - 6. Let i be l(z). Suppose -x - 239 = -2*t, x = 5*t - 2*x - i. What is the greatest common factor of t and 17?
17
Let h = -31 + 75. Calculate the highest common divisor of h and 4.
4
Let c(s) = -s + 14. Let n be c(7). Suppose w + 4*w = 955. Suppose -61 = -4*k + w. What is the greatest common divisor of k and n?
7
Let r = -15 + 27. Calculate the highest common factor of 3 and r.
3
Suppose -39 - 65 = -4*b. Suppose -3*t + 11 = 35. Let y be (-6)/4*t - -1. Calculate the greatest common factor of b and y.
13
Let u = -19 - -26. Suppose -l - 4*l + s + 14 = 0, -2*l + 4 = -2*s. Let y be 14/(-6)*(-81)/l. Calculate the greatest common factor of u and y.
7
Suppose 0 = 5*h - 394 - 31. Let t = 83 + h. What is the greatest common factor of t and 21?
21
Let r = -7 + 13. Let i = 110 - 46. Let l = 